{"id":118,"date":"2019-05-16T12:25:37","date_gmt":"2019-05-16T10:25:37","guid":{"rendered":"https:\/\/palamosdigital.com\/tvpalamos\/?page_id=118"},"modified":"2019-05-31T21:23:57","modified_gmt":"2019-05-31T19:23:57","slug":"avis-legal","status":"publish","type":"page","link":"https:\/\/palamosdigital.com\/tvpalamos\/avis-legal\/","title":{"rendered":"Av\u00eds Legal"},"content":{"rendered":"<p>[et_pb_section fb_built=&#8221;1&#8243; custom_padding_last_edited=&#8221;on|phone&#8221; disabled_on=&#8221;off|off|off&#8221; admin_label=&#8221;AV\u00cdS LEGAL WEB CARTELLERA&#8221; _builder_version=&#8221;3.22.3&#8243; background_image=&#8221;https:\/\/palamosdigital.com\/tvpalamos\/wp-content\/uploads\/2019\/05\/abstract_desktop_1920x1200_hd-wallpaper-1030076.png&#8221; custom_margin_last_edited=&#8221;on|phone&#8221; custom_padding=&#8221;70px||100px||false|false&#8221; custom_padding_tablet=&#8221;70px||80px||false|false&#8221; custom_padding_phone=&#8221;50px||30px||false|false&#8221; filter_saturate=&#8221;200%&#8221; top_divider_color=&#8221;#0C71C3&#8243; top_divider_height=&#8221;120px&#8221; top_divider_height_tablet=&#8221;90px&#8221; top_divider_height_phone=&#8221;80px&#8221; top_divider_height_last_edited=&#8221;on|desktop&#8221; bottom_divider_color=&#8221;#0C71C3&#8243; bottom_divider_height=&#8221;120px&#8221; bottom_divider_flip=&#8221;vertical&#8221; bottom_divider_height_tablet=&#8221;89px&#8221; bottom_divider_height_phone=&#8221;80px&#8221; bottom_divider_height_last_edited=&#8221;on|phone&#8221;][et_pb_row custom_padding=&#8221;0|0px|0|0px|false|false&#8221; custom_padding_tablet=&#8221;0|0px|0|0px|false|false&#8221; custom_padding_phone=&#8221;0|0px|0|0px|false|false&#8221; custom_padding_last_edited=&#8221;on|phone&#8221; padding_1_last_edited=&#8221;on|phone&#8221; disabled_on=&#8221;off|off|off&#8221; _builder_version=&#8221;3.22.3&#8243; background_size=&#8221;initial&#8221; background_position=&#8221;top_left&#8221; background_repeat=&#8221;repeat&#8221; custom_margin_last_edited=&#8221;on|phone&#8221;][et_pb_column type=&#8221;4_4&#8243; _builder_version=&#8221;3.0.47&#8243;][et_pb_text disabled_on=&#8221;off|off|off&#8221; admin_label=&#8221;TEXT DE L&#8217;AV\u00cdS LEGAL&#8221; _builder_version=&#8221;3.22.7&#8243; custom_margin_last_edited=&#8221;on|phone&#8221; custom_padding_last_edited=&#8221;on|phone&#8221;]<\/p>\n<h1>AV\u00cdS LEGAL<\/h1>\n<h2>\u00a0<\/h2>\n<h3>1 &#8211; INFORMACI\u00d3 DEL TITULAR DEL WEB<\/h3>\n<p>La propiet\u00e0ria i responsable editorial del web \u00e9s l&#8217;associaci\u00f3 cultural Centre d&#8217;Iniciatives Audiovisuals.<\/p>\n<ul>\n<li>Pag\u00e8s Ortiz, 79 baixos local B 17230 Palam\u00f3s<\/li>\n<li>Email &#8211; contingutsweb8@gmail.com<\/li>\n<li>Identificaci\u00f3 fiscal (NIF): G 17476706<\/li>\n<li>Entitat cultural, sense \u00e0nim de lucre, inscrita en el Registre d\u2019Associacions de la Direcci\u00f3 General de Dret i Entitats Jur\u00eddiques de la Generalitat de Catalunya.<\/li>\n<\/ul>\n<p>&nbsp;<\/p>\n<h3>2 &#8211; OBJECTE DE LA PLANA WEB I ACC\u00c9S DELS USUARIS<\/h3>\n<p><span class=\"s1\">Aquest espai web ha estat creat i dissenyat per donar a con\u00e8ixer totes les activitats que Televisi\u00f3 Palam\u00f3s desenvolupa al llarg de l\u2019any tant pel que fa a la futura nova programaci\u00f3 (que inicialment s\u2019emetr\u00e0 pel mateix web), divulgaci\u00f3 de material audiovisual d\u2019arxiu, galeries fotogr\u00e0fiques de diferents activitats del municipi, ofertes publicit\u00e0ries d&#8217;empreses i aut\u00f2noms, propostes de tallers audiovisuals per al jovent i la gent gran i una \u00e0mplia informaci\u00f3 sobre la ciutat (agenda d\u2019activitats, not\u00edcies, comunicats institucionals, cartellera comarcal, informacions sobre les platges, aparcaments i altres dades sobre el municipi de Palam\u00f3s que considerem d\u2019inter\u00e8s general).<\/span><\/p>\n<p>La navegaci\u00f3 i utilitzaci\u00f3 d\u2019aquest lloc web \u00e9s gratu\u00efta i atribueix de forma autom\u00e0tica a qualsevol persona que navegui, accedeixi o utilitzi qualsevol de les p\u00e0gines publicades, la condici\u00f3 d\u2019Usuari. El present Av\u00eds Legal, o la seva actualitzaci\u00f3, estar\u00e0 disponible en aquest web i s\u2019entendr\u00e0 vigent des de la seva publicaci\u00f3 en el mateix, pel que recomanem a l\u2019Usuari que el consulti amb regularitat.<\/p>\n<p>&nbsp;<\/p>\n<h3>3 &#8211; PROPIETAT INDUSTRIAL I INTEL\u00b7LECTUAL<\/h3>\n<p>Els continguts d\u2019aquest espai web, incloent el format de presentaci\u00f3 d\u2019imatges, logotips, textos, aix\u00ed com aplicacions inform\u00e0tiques, codi font i el nom dels dominis palamosdigital.com i tvpalamos.com, s\u00f3n propietat del Centre d\u2019Iniciatives Audiovisuals (en endavant el Titular) o b\u00e9 aquest ha adquirit els corresponents drets dels seus propietaris, o b\u00e9 es tracta d\u2019imatges i textes de lliure acc\u00e9s destinats a la informaci\u00f3 i promoci\u00f3 d&#8217;aquest canal audiovisual i del municipi de Palam\u00f3s.<\/p>\n<p>Els elements descrits anteriorment, estan protegits per les lleis i tractats internacionals pel que fa a propietat intel.lectual i\/o industrial, aix\u00ed com per la normativa reguladora dels noms de domini. Es permet l\u2019\u00fas d\u2019hipervincles a aquest espai web i a la utilitzaci\u00f3 o reproducci\u00f3 dels seus continguts, pr\u00e8via autoritzaci\u00f3 del Titular i sempre que es faci constar la font i s\u2019inclogui un hipervincle al web.<\/p>\n<p>Queda prohibida la utilitzaci\u00f3 de marcs (frames), o qualsevol altre tipus de mecanisme per ocultar l\u2019origen o font dels continguts, aix\u00ed con la transformaci\u00f3 o explotaci\u00f3 dels mateixos amb finalitats contraries a la llei, o que puguin lesionar els interessos del Titular o de tercers leg\u00edtims, o que puguin constituir una compet\u00e8ncia deslleial o, en general, en contra del que disposa aquest Av\u00eds legal.<\/p>\n<p>&nbsp;<\/p>\n<h3>4 &#8211; PUBLICITAT<\/h3>\n<p>A la p\u00e0gina Web s&#8217;allotgen continguts publicitaris o patrocinats. Els anunciants o patrocinadors s\u00f3n els \u00fanics responsables d&#8217;assegurar-se que el material rem\u00e8s per a la seva inclusi\u00f3 a la p\u00e0gina web compleix la normativa que en cada cas pugui ser d&#8217;aplicaci\u00f3. El Titular no ser\u00e0 responsable de qualsevol error, inexactitud o irregularitat que puguin contenir els continguts publicitaris o dels patrocinadors. Cal assenyalar que aquest web no es planteja com un negoci, at\u00e8s que no hi ha cap empresa al darrera, sin\u00f3 una associaci\u00f3 cultural sense \u00e0nim de lucre, que destina les possibles aportacions publicit\u00e0ries exclusivament a cobrir les despeses de funcionament de tota la infraestructura necess\u00e0ria per a poder el\u00b7laborar cada setmana la informaci\u00f3 que s&#8217;ofereix al ciutad\u00e0.<\/p>\n<p>&nbsp;<\/p>\n<h3>5 &#8211; CONTINGUTS DE TERCERS<\/h3>\n<p>Els enlla\u00e7os (hipervincles) o continguts de tercers es faciliten amb la finalitat d\u2019ampliar la informaci\u00f3. La seva inclusi\u00f3 no implica necess\u00e0riament ni la identificaci\u00f3 ni l\u2019associaci\u00f3 del Titular amb els responsables d\u2019aquests altres llocs web, motiu pel qual aquest declina tota responsabilitat en relaci\u00f3 als mateixos, aix\u00ed com pels danys que puguin causar per qualsevol motiu en el seu sistema inform\u00e0tic (equip i aplicacions), documents o fitxers.<\/p>\n<p>El Titular nom\u00e9s podr\u00e0 ser responsable dels continguts conforme al que estableix la \u201cLey 34\/2002, de 11 de julio, de Servicios de la Sociedad de la Informaci\u00f3n y de Comercio Electr\u00f3nico\u201d, en cas de que, havent tingut coneixement efectiu d\u2019una situaci\u00f3 il.legal, no suprimeixi o inutilitzi els enlla\u00e7os als mateixos.<\/p>\n<p>&nbsp;<\/p>\n<h3>6 &#8211; MODIFICACIONS I CONTINUITAT DEL SERVEI WEB<\/h3>\n<p>El Titular no garantitza la disponibilitat o continu\u00eftat d\u2019aquest lloc web ni dels seus continguts, per motius t\u00e8cnics, de seguretat, o manteniment del servei, per problemes a causa del servidor que allotja els continguts o d\u2019altres intermediaris o prove\u00efdors, per atacs contra el sistema inform\u00e0tic, ni per qualsevol altre motiu que es derivi de causes que escapin al seu control, pel que s\u2019eximeix de qualsevol responsabilitat, directa o indirecta, pels mateixos.<\/p>\n<p>El Titular no es fa responsable dels problemes, errors o danys, directes o indirectes, que puguin ocasionar-se al sistema inform\u00e0tic de l\u2019Usuari o als fitxers o documents emmagatzemats en el mateix, que siguin causats o es derivin de la capacitat o qualitat del seu sistema inform\u00e0tic o de la pres\u00e8ncia d\u2019un virus o qualsevol altra aplicaci\u00f3 inform\u00e0tica maliciosa a l\u2019ordinador que sigui utilitzat per a la connexi\u00f3 als continguts del web, de la qualitat de la seva connexi\u00f3 o acc\u00e9s a internet, per un mal funcionament del seu navegador, o per l\u2019\u00fas d\u2019aplicacions inform\u00e0tiques amb versions no actualitzades o de les que no s\u2019obtingui la corresponent llic\u00e8ncia d\u2019usuari.<\/p>\n<p>El Titular es reserva la facultat d\u2019efectuar, en qualsevol moment modificacions i actualitzacions de la informaci\u00f3 continguda al web, de la configuraci\u00f3, disponibilitat i presentaci\u00f3 d\u2019aquesta, aix\u00ed com del present Av\u00eds Legal.<\/p>\n<p>Tamb\u00e9 es reserva el dret a interrompre en cas que ho estimi necessari l&#8217;acc\u00e9s a la seva p\u00e0gina web en qualsevol moment i sense previ av\u00eds, ja sigui per motius de seguretat, de control, de manteniment, per errors de subministrament el\u00e8ctric o per qualsevol altra causa.<\/p>\n<p>&nbsp;<\/p>\n<h3>7 &#8211; US CORRECTE DEL WEB PER PART DELS USUARIS<\/h3>\n<p>L&#8217;Usuari es compromet a fer un \u00fas adequat dels continguts que s\u2019ofereixen en aquest web i amb car\u00e0cter enunciatiu per\u00f2 no limitador, a NO emprar-los per:<\/p>\n<p>(a) inc\u00f3rrer en activitats il\u00b7l\u00edcites, il\u00b7legals o contr\u00e0ries a la bona fe i a l&#8217;ordre p\u00fablic.<br \/>(b) difondre continguts o propaganda de car\u00e0cter racista, xen\u00f2fob, pornogr\u00e0fic-il\u00b7legal, d&#8217;apologia del terrorisme o que atempti contra els drets humans.<br \/>(c) provocar danys en els sistemes f\u00edsics i l\u00f2gics de https:\/\/palamosdigital.com, dels seus prove\u00efdors o de terceres persones, introduir o difondre a la xarxa virus inform\u00e0tics o altres sistemes f\u00edsics o l\u00f2gics que siguin susceptibles de provocar els danys anteriorment esmentats.<br \/>(d) intentar accedir i, si s&#8217;escau, utilitzar els comptes de correu electr\u00f2nic d&#8217;altres usuaris i modificar o manipular els seus missatges.<\/p>\n<p>El Titular es reserva el dret de retirar tots aquells comentaris i aportacions que vulnerin el respecte a la dignitat de la persona, que siguin discriminatoris, xen\u00f2fobs, racistes, pornogr\u00e0fics, que atemptin contra la joventut o la inf\u00e0ncia, l&#8217;ordre o la seguretat p\u00fablica o que, al seu parer, no resultessin adequats per a la seva publicaci\u00f3. En qualsevol cas, el Titular del web no ser\u00e0 responsable de les opinions abocades pels usuaris a trav\u00e9s del bloc o altres eines de participaci\u00f3 que puguin crear-se, d&#8217;acord amb el que preveu la normativa d&#8217;aplicaci\u00f3.<\/p>\n<p>&nbsp;<\/p>\n<h3>8 &#8211; LLEI APLICABLE I JURISDICCI\u00d3<\/h3>\n<p>Les q\u00fcestions relacionades amb l\u2019\u00fas d\u2019aquest web o els seus continguts es regiran conforme la legislaci\u00f3 espanyola, sotmetent-se les parts, excepte en els casos en que no sigui legalment perm\u00e8s, a la jurisdicci\u00f3 dels Jutjats i Tribunals de La Bisbal d\u2019Empord\u00e0, amb la ren\u00fancia de forma expressa a qualsevol altre fur que els pugui correspondre.<\/p>\n<p>&nbsp;<\/p>\n<p><span style=\"color: #000000;\"><strong>Edici\u00f3: 20 de maig de 2019<\/strong><\/span><\/p>\n<p>[\/et_pb_text][\/et_pb_column][\/et_pb_row][\/et_pb_section]<\/p>\n","protected":false},"excerpt":{"rendered":"<p>AV\u00cdS LEGAL \u00a0 1 &#8211; INFORMACI\u00d3 DEL TITULAR DEL WEB La propiet\u00e0ria i responsable editorial del web \u00e9s l&#8217;associaci\u00f3 cultural Centre d&#8217;Iniciatives Audiovisuals. Pag\u00e8s Ortiz, 79 baixos local B 17230 Palam\u00f3s Email &#8211; contingutsweb8@gmail.com Identificaci\u00f3 fiscal (NIF): G 17476706 Entitat cultural, sense \u00e0nim de lucre, inscrita en el Registre d\u2019Associacions de la Direcci\u00f3 General de [&hellip;]<\/p>\n","protected":false},"author":1,"featured_media":0,"parent":0,"menu_order":0,"comment_status":"closed","ping_status":"closed","template":"page-template-fullwidth.php","meta":{"_et_pb_use_builder":"on","_et_pb_old_content":"","_et_gb_content_width":"","footnotes":""},"class_list":["post-118","page","type-page","status-publish","hentry"],"_links":{"self":[{"href":"https:\/\/palamosdigital.com\/tvpalamos\/wp-json\/wp\/v2\/pages\/118","targetHints":{"allow":["GET"]}}],"collection":[{"href":"https:\/\/palamosdigital.com\/tvpalamos\/wp-json\/wp\/v2\/pages"}],"about":[{"href":"https:\/\/palamosdigital.com\/tvpalamos\/wp-json\/wp\/v2\/types\/page"}],"author":[{"embeddable":true,"href":"https:\/\/palamosdigital.com\/tvpalamos\/wp-json\/wp\/v2\/users\/1"}],"replies":[{"embeddable":true,"href":"https:\/\/palamosdigital.com\/tvpalamos\/wp-json\/wp\/v2\/comments?post=118"}],"version-history":[{"count":5,"href":"https:\/\/palamosdigital.com\/tvpalamos\/wp-json\/wp\/v2\/pages\/118\/revisions"}],"predecessor-version":[{"id":188,"href":"https:\/\/palamosdigital.com\/tvpalamos\/wp-json\/wp\/v2\/pages\/118\/revisions\/188"}],"wp:attachment":[{"href":"https:\/\/palamosdigital.com\/tvpalamos\/wp-json\/wp\/v2\/media?parent=118"}],"curies":[{"name":"wp","href":"https:\/\/api.w.org\/{rel}","templated":true}]}}

Avís Legal

<p>[et_pb_section fb_built=&#8221;1&#8243; custom_padding_last_edited=&#8221;on|phone&#8221; disabled_on=&#8221;off|off|off&#8221; admin_label=&#8221;AVÍS LEGAL WEB CARTELLERA&#8221; _builder_version=&#8221;3.22.3&#8243; background_image=&#8221;https://palamosdigital.com/tvpalamos/wp-content/uploads/2019/05/abstract_desktop_1920x1200_hd-wallpaper-1030076.png&#8221; custom_margin_last_edited=&#8221;on|phone&#8221; custom_padding=&#8221;70px||100px||false|false&#8221; custom_padding_tablet=&#8221;70px||80px||false|false&#8221; custom_padding_phone=&#8221;50px||30px||false|false&#8221; filter_saturate=&#8221;200%&#8221; top_divider_color=&#8221;#0C71C3&#8243; top_divider_height=&#8221;120px&#8221; top_divider_height_tablet=&#8221;90px&#8221; top_divider_height_phone=&#8221;80px&#8221; top_divider_height_last_edited=&#8221;on|desktop&#8221; bottom_divider_color=&#8221;#0C71C3&#8243; bottom_divider_height=&#8221;120px&#8221; bottom_divider_flip=&#8221;vertical&#8221; bottom_divider_height_tablet=&#8221;89px&#8221; bottom_divider_height_phone=&#8221;80px&#8221; bottom_divider_height_last_edited=&#8221;on|phone&#8221;][et_pb_row custom_padding=&#8221;0|0px|0|0px|false|false&#8221; custom_padding_tablet=&#8221;0|0px|0|0px|false|false&#8221; custom_padding_phone=&#8221;0|0px|0|0px|false|false&#8221; custom_padding_last_edited=&#8221;on|phone&#8221; padding_1_last_edited=&#8221;on|phone&#8221; disabled_on=&#8221;off|off|off&#8221; _builder_version=&#8221;3.22.3&#8243; background_size=&#8221;initial&#8221; background_position=&#8221;top_left&#8221; background_repeat=&#8221;repeat&#8221; custom_margin_last_edited=&#8221;on|phone&#8221;][et_pb_column type=&#8221;4_4&#8243; _builder_version=&#8221;3.0.47&#8243;][et_pb_text disabled_on=&#8221;off|off|off&#8221; admin_label=&#8221;TEXT DE L&#8217;AVÍS LEGAL&#8221; _builder_version=&#8221;3.22.7&#8243; custom_margin_last_edited=&#8221;on|phone&#8221; custom_padding_last_edited=&#8221;on|phone&#8221;]</p>
<h1>AVÍS LEGAL</h1>
<h2> </h2>
<h3>1 &#8211; INFORMACIÓ DEL TITULAR DEL WEB</h3>
<p>La propietària i responsable editorial del web és l&#8217;associació cultural Centre d&#8217;Iniciatives Audiovisuals.</p>
<ul>
<li>Pagès Ortiz, 79 baixos local B 17230 Palamós</li>
<li>Email &#8211; contingutsweb8@gmail.com</li>
<li>Identificació fiscal (NIF): G 17476706</li>
<li>Entitat cultural, sense ànim de lucre, inscrita en el Registre d’Associacions de la Direcció General de Dret i Entitats Jurídiques de la Generalitat de Catalunya.</li>
</ul>
<p>&nbsp;</p>
<h3>2 &#8211; OBJECTE DE LA PLANA WEB I ACCÉS DELS USUARIS</h3>
<p><span class="s1">Aquest espai web ha estat creat i dissenyat per donar a conèixer totes les activitats que Televisió Palamós desenvolupa al llarg de l’any tant pel que fa a la futura nova programació (que inicialment s’emetrà pel mateix web), divulgació de material audiovisual d’arxiu, galeries fotogràfiques de diferents activitats del municipi, ofertes publicitàries d&#8217;empreses i autònoms, propostes de tallers audiovisuals per al jovent i la gent gran i una àmplia informació sobre la ciutat (agenda d’activitats, notícies, comunicats institucionals, cartellera comarcal, informacions sobre les platges, aparcaments i altres dades sobre el municipi de Palamós que considerem d’interès general).</span></p>
<p>La navegació i utilització d’aquest lloc web és gratuïta i atribueix de forma automàtica a qualsevol persona que navegui, accedeixi o utilitzi qualsevol de les pàgines publicades, la condició d’Usuari. El present Avís Legal, o la seva actualització, estarà disponible en aquest web i s’entendrà vigent des de la seva publicació en el mateix, pel que recomanem a l’Usuari que el consulti amb regularitat.</p>
<p>&nbsp;</p>
<h3>3 &#8211; PROPIETAT INDUSTRIAL I INTEL·LECTUAL</h3>
<p>Els continguts d’aquest espai web, incloent el format de presentació d’imatges, logotips, textos, així com aplicacions informàtiques, codi font i el nom dels dominis palamosdigital.com i tvpalamos.com, són propietat del Centre d’Iniciatives Audiovisuals (en endavant el Titular) o bé aquest ha adquirit els corresponents drets dels seus propietaris, o bé es tracta d’imatges i textes de lliure accés destinats a la informació i promoció d&#8217;aquest canal audiovisual i del municipi de Palamós.</p>
<p>Els elements descrits anteriorment, estan protegits per les lleis i tractats internacionals pel que fa a propietat intel.lectual i/o industrial, així com per la normativa reguladora dels noms de domini. Es permet l’ús d’hipervincles a aquest espai web i a la utilització o reproducció dels seus continguts, prèvia autorització del Titular i sempre que es faci constar la font i s’inclogui un hipervincle al web.</p>
<p>Queda prohibida la utilització de marcs (frames), o qualsevol altre tipus de mecanisme per ocultar l’origen o font dels continguts, així con la transformació o explotació dels mateixos amb finalitats contraries a la llei, o que puguin lesionar els interessos del Titular o de tercers legítims, o que puguin constituir una competència deslleial o, en general, en contra del que disposa aquest Avís legal.</p>
<p>&nbsp;</p>
<h3>4 &#8211; PUBLICITAT</h3>
<p>A la pàgina Web s&#8217;allotgen continguts publicitaris o patrocinats. Els anunciants o patrocinadors són els únics responsables d&#8217;assegurar-se que el material remès per a la seva inclusió a la pàgina web compleix la normativa que en cada cas pugui ser d&#8217;aplicació. El Titular no serà responsable de qualsevol error, inexactitud o irregularitat que puguin contenir els continguts publicitaris o dels patrocinadors. Cal assenyalar que aquest web no es planteja com un negoci, atès que no hi ha cap empresa al darrera, sinó una associació cultural sense ànim de lucre, que destina les possibles aportacions publicitàries exclusivament a cobrir les despeses de funcionament de tota la infraestructura necessària per a poder el·laborar cada setmana la informació que s&#8217;ofereix al ciutadà.</p>
<p>&nbsp;</p>
<h3>5 &#8211; CONTINGUTS DE TERCERS</h3>
<p>Els enllaços (hipervincles) o continguts de tercers es faciliten amb la finalitat d’ampliar la informació. La seva inclusió no implica necessàriament ni la identificació ni l’associació del Titular amb els responsables d’aquests altres llocs web, motiu pel qual aquest declina tota responsabilitat en relació als mateixos, així com pels danys que puguin causar per qualsevol motiu en el seu sistema informàtic (equip i aplicacions), documents o fitxers.</p>
<p>El Titular només podrà ser responsable dels continguts conforme al que estableix la “Ley 34/2002, de 11 de julio, de Servicios de la Sociedad de la Información y de Comercio Electrónico”, en cas de que, havent tingut coneixement efectiu d’una situació il.legal, no suprimeixi o inutilitzi els enllaços als mateixos.</p>
<p>&nbsp;</p>
<h3>6 &#8211; MODIFICACIONS I CONTINUITAT DEL SERVEI WEB</h3>
<p>El Titular no garantitza la disponibilitat o continuïtat d’aquest lloc web ni dels seus continguts, per motius tècnics, de seguretat, o manteniment del servei, per problemes a causa del servidor que allotja els continguts o d’altres intermediaris o proveïdors, per atacs contra el sistema informàtic, ni per qualsevol altre motiu que es derivi de causes que escapin al seu control, pel que s’eximeix de qualsevol responsabilitat, directa o indirecta, pels mateixos.</p>
<p>El Titular no es fa responsable dels problemes, errors o danys, directes o indirectes, que puguin ocasionar-se al sistema informàtic de l’Usuari o als fitxers o documents emmagatzemats en el mateix, que siguin causats o es derivin de la capacitat o qualitat del seu sistema informàtic o de la presència d’un virus o qualsevol altra aplicació informàtica maliciosa a l’ordinador que sigui utilitzat per a la connexió als continguts del web, de la qualitat de la seva connexió o accés a internet, per un mal funcionament del seu navegador, o per l’ús d’aplicacions informàtiques amb versions no actualitzades o de les que no s’obtingui la corresponent llicència d’usuari.</p>
<p>El Titular es reserva la facultat d’efectuar, en qualsevol moment modificacions i actualitzacions de la informació continguda al web, de la configuració, disponibilitat i presentació d’aquesta, així com del present Avís Legal.</p>
<p>També es reserva el dret a interrompre en cas que ho estimi necessari l&#8217;accés a la seva pàgina web en qualsevol moment i sense previ avís, ja sigui per motius de seguretat, de control, de manteniment, per errors de subministrament elèctric o per qualsevol altra causa.</p>
<p>&nbsp;</p>
<h3>7 &#8211; US CORRECTE DEL WEB PER PART DELS USUARIS</h3>
<p>L&#8217;Usuari es compromet a fer un ús adequat dels continguts que s’ofereixen en aquest web i amb caràcter enunciatiu però no limitador, a NO emprar-los per:</p>
<p>(a) incórrer en activitats il·lícites, il·legals o contràries a la bona fe i a l&#8217;ordre públic.<br />(b) difondre continguts o propaganda de caràcter racista, xenòfob, pornogràfic-il·legal, d&#8217;apologia del terrorisme o que atempti contra els drets humans.<br />(c) provocar danys en els sistemes físics i lògics de https://palamosdigital.com, dels seus proveïdors o de terceres persones, introduir o difondre a la xarxa virus informàtics o altres sistemes físics o lògics que siguin susceptibles de provocar els danys anteriorment esmentats.<br />(d) intentar accedir i, si s&#8217;escau, utilitzar els comptes de correu electrònic d&#8217;altres usuaris i modificar o manipular els seus missatges.</p>
<p>El Titular es reserva el dret de retirar tots aquells comentaris i aportacions que vulnerin el respecte a la dignitat de la persona, que siguin discriminatoris, xenòfobs, racistes, pornogràfics, que atemptin contra la joventut o la infància, l&#8217;ordre o la seguretat pública o que, al seu parer, no resultessin adequats per a la seva publicació. En qualsevol cas, el Titular del web no serà responsable de les opinions abocades pels usuaris a través del bloc o altres eines de participació que puguin crear-se, d&#8217;acord amb el que preveu la normativa d&#8217;aplicació.</p>
<p>&nbsp;</p>
<h3>8 &#8211; LLEI APLICABLE I JURISDICCIÓ</h3>
<p>Les qüestions relacionades amb l’ús d’aquest web o els seus continguts es regiran conforme la legislació espanyola, sotmetent-se les parts, excepte en els casos en que no sigui legalment permès, a la jurisdicció dels Jutjats i Tribunals de La Bisbal d’Empordà, amb la renúncia de forma expressa a qualsevol altre fur que els pugui correspondre.</p>
<p>&nbsp;</p>
<p><span style="color: #000000;"><strong>Edició: 20 de maig de 2019</strong></span></p>
<p>[/et_pb_text][/et_pb_column][/et_pb_row][/et_pb_section]</p>

<p>AVÍS LEGAL   1 &#8211; INFORMACIÓ DEL TITULAR DEL WEB La propietària i responsable editorial del web és l&#8217;associació cultural Centre d&#8217;Iniciatives Audiovisuals. Pagès Ortiz, 79 baixos local B 17230 Palamós Email &#8211; contingutsweb8@gmail.com Identificació fiscal (NIF): G 17476706 Entitat cultural, sense ànim de lucre, inscrita en el Registre d’Associacions de la Direcció General de [&hellip;]</p>
