{"id":123,"date":"2019-05-16T12:34:24","date_gmt":"2019-05-16T10:34:24","guid":{"rendered":"https:\/\/palamosdigital.com\/tvpalamos\/?page_id=123"},"modified":"2019-05-16T15:43:39","modified_gmt":"2019-05-16T13:43:39","slug":"politica-de-privacitat","status":"publish","type":"page","link":"https:\/\/palamosdigital.com\/tvpalamos\/politica-de-privacitat\/","title":{"rendered":"Pol\u00edtica de Privacitat"},"content":{"rendered":"<p>[et_pb_section fb_built=&#8221;1&#8243; custom_padding_last_edited=&#8221;on|phone&#8221; disabled_on=&#8221;off|off|off&#8221; admin_label=&#8221;POL\u00cdTICA DE PRIVACITAT DEL WEB CARTELLERA&#8221; _builder_version=&#8221;3.22.3&#8243; background_image=&#8221;https:\/\/palamosdigital.com\/tvpalamos\/wp-content\/uploads\/2019\/05\/abstract_desktop_1920x1200_hd-wallpaper-1030076.png&#8221; custom_margin_phone=&#8221;0px|0px|0px|0px||true&#8221; custom_margin_last_edited=&#8221;on|phone&#8221; custom_padding=&#8221;70px|0px|100px|0px|false|false&#8221; custom_padding_tablet=&#8221;70px||80px||false|false&#8221; custom_padding_phone=&#8221;50px|0px|30px|0px|false|false&#8221; filter_saturate=&#8221;200%&#8221; top_divider_color=&#8221;#0C71C3&#8243; top_divider_height=&#8221;120px&#8221; top_divider_height_tablet=&#8221;90px&#8221; top_divider_height_phone=&#8221;80px&#8221; top_divider_height_last_edited=&#8221;on|desktop&#8221; bottom_divider_color=&#8221;#0C71C3&#8243; bottom_divider_height=&#8221;120px&#8221; bottom_divider_flip=&#8221;vertical&#8221; bottom_divider_height_tablet=&#8221;89px&#8221; bottom_divider_height_phone=&#8221;80px&#8221; bottom_divider_height_last_edited=&#8221;on|phone&#8221;][et_pb_row custom_padding=&#8221;0|0px|0px|0px|false|false&#8221; custom_padding_tablet=&#8221;||0||false|false&#8221; custom_padding_phone=&#8221;0|0px|0px|0px|false|false&#8221; custom_padding_last_edited=&#8221;on|desktop&#8221; padding_1_last_edited=&#8221;on|phone&#8221; disabled_on=&#8221;off|off|off&#8221; _builder_version=&#8221;3.22.3&#8243; background_size=&#8221;initial&#8221; background_position=&#8221;top_left&#8221; background_repeat=&#8221;repeat&#8221; custom_margin_phone=&#8221;|||&#8221; custom_margin_last_edited=&#8221;on|phone&#8221;][et_pb_column type=&#8221;4_4&#8243; _builder_version=&#8221;3.0.47&#8243;][et_pb_text disabled_on=&#8221;off|off|off&#8221; admin_label=&#8221; TEXT DE LA POL\u00cdTICA DE PRIVACITAT&#8221; _builder_version=&#8221;3.21.1&#8243; custom_margin_last_edited=&#8221;on|phone&#8221; custom_padding_last_edited=&#8221;on|phone&#8221;]<\/p>\n<h1>POL\u00cdTICA DE PRIVACITAT<\/h1>\n<h2>\u00a0<\/h2>\n<h3>1 &#8211; POL\u00cdTICA DE PRIVACITAT ADAPTADA AL REGLAMENT EUROPEU<\/h3>\n<p>Des del Centre d\u2019Iniciatives Audiovisuals (en endavant el Titular) volem oferir-te una experi\u00e8ncia de navegaci\u00f3 i un servei segur i de confian\u00e7a. Per aix\u00f2, hem implementat la present Pol\u00edtica de Privacitat que compleix amb els par\u00e0metres i mesures de seguretat, tant t\u00e8cniques com organitzatives, recollides al Reglament Europeu 679\/2016, de 27 d\u2019abril, relatiu a la protecci\u00f3 de dades de les persones f\u00edsiques pel que fa al tractament de dades personals i de lliure circulaci\u00f3 d\u2019aquestes dades. Tot plegat amb l\u2019objectiu de garantir la teva privacitat i ser transparents en l\u2019\u00fas de les teves dades.<\/p>\n<p>&nbsp;<\/p>\n<h3>2 &#8211; CONSENTIMENT DE L\u2019USUARI<\/h3>\n<p>En compliment del que exigeix \u200b\u200bl\u2019esmentat Reglament Europeu, el Titular del web ha de rebre l\u2019autoritzaci\u00f3 expresa per part de l\u2019Usuari per a poder incloure en un fitxer informatitzat el nom i cognoms, correus electr\u00f2nics, n\u00fameros de tel\u00e8fon i altres dades personals que el propi Usuari haur\u00e0 desat pr\u00e8viament omplint els formularis de contacte o d\u2019inscripci\u00f3 a activitats que t\u00e9 a la seva disposici\u00f3 en el mateix web. L\u2019Usuari haur\u00e0 de donar aquest consentiment expr\u00e9s fent clic a la casella que apareix a la part inferior de cada formulari on es recullen les seves dades.<\/p>\n<p>En cas de que l\u2019Usuari estableixi algun altre tipus de comunicaci\u00f3 amb el Titular, ja sigui per tel\u00e8fon o correu electr\u00f2nic, les seves dades seran guardades i incloses a un fitxer de propietat del Titular, amb la finalitat de respondre a la seva consulta, suggeriment o queixa, informar o prestar el servei sol.licitat.<\/p>\n<p>&nbsp;<\/p>\n<h3>3 &#8211; GARANTIA DE CONFIDENCIALITAT<\/h3>\n<p>Es garanteix la confidencialitat en el tractament de totes les dades de car\u00e0cter personal a les que es tingui acc\u00e9s com a conseq\u00fc\u00e8ncia del registre al espai web anomenat https:\/\/palamosdigital.com, at\u00e8s que els responsables dels fitxers estan sotmesos al m\u00e9s estricte secret professional, amb un especial comprom\u00eds d\u2019adoptar els nivells de protecci\u00f3 i les mesures necess\u00e0ries, tant t\u00e8cniques com organitzatives, per a garantir la seguretat de les dades de car\u00e0cter personal i evitar la seva alteraci\u00f3, mal \u00fas, p\u00e8rdua, robatori o acc\u00e9s no autoritzat.<\/p>\n<p>Aix\u00ed mateix, al navegar per aquestes p\u00e0gines, de forma autom\u00e0tica l\u2019Usuari facilita al servidor d\u2019aquest espai web informaci\u00f3 relativa a la seva direcci\u00f3 IP (identificador \u00fanic per a la transmissi\u00f3 de paquets entre ordinadors connectats a internet), data i hora d\u2019acc\u00e9s, l\u2019hipervincle que l\u2019ha reenviat a aquestes, el seu sistema operatiu i el navegador utilitzat. At\u00e8s que la \u201cAgencia Espa\u00f1ola de Protecci\u00f3n de Datos\u201d (AEPD) considera les IP com a informaci\u00f3 de car\u00e0cter personal, aquestes dades seran guardades i utilitzades \u00fanicament per al control i realitzaci\u00f3 d\u2019estad\u00edstiques d\u2019acc\u00e9s i visites al web.<\/p>\n<p>&nbsp;<\/p>\n<h3>4 &#8211; UTILITZACI\u00d3 DE COOKIES<\/h3>\n<p>Alguns dels serveis d\u2019aquest web utilitzen \u201ccookies\u201d per facilitar la seva navegaci\u00f3, motiu pel qual si t\u00e9 desactivada aquesta opci\u00f3 en el seu navegador \u00e9s possible que el servei no funcioni correctament. Aquest lloc, en cap cas, utilitza les \u201ccookies\u201d ni qualsevol altre dispositiu an\u00e0leg que permeti la obtenci\u00f3 de dades personals sense el seu consentiment. Accedint a la p\u00e0gina de Contacte podr\u00e0 ampliar tota la informaci\u00f3 envers el Tractament de Cookies.<\/p>\n<p>&nbsp;<\/p>\n<h3>5 &#8211; SUBSCRIPCIONS<\/h3>\n<p>Les dades personals que es puguin requerir com a conseq\u00fc\u00e8ncia de la subscripci\u00f3 o alta en alguns dels serveis oferts pel lloc web seran tamb\u00e9 objecte de tractament automatitzat i incorporades als corresponents fitxers, amb els nivells de seguretat necessaris, propietat del Titular amb la finalitat d\u2019adequar les nostres ofertes comercials a les seves peticions per poder li oferir un servei m\u00e9s personalitzat i efica\u00e7. Fora dels casos legalment establerts, insistim en que les seves dades no es revendran ni es difondran a cap altre associaci\u00f3, persona o empresa i que s\u2019utilitzaran nom\u00e9s per inscriure\u2019l a les activitats sol\u00b7licitades, per informar a l\u2019Usuari sobre les activitats de l\u2019entitat i per respondre les q\u00fcestions que ell plantegi mitjan\u00e7ant els formularis esmentats anteriorment.<\/p>\n<p>&nbsp;<\/p>\n<h3>6 &#8211; CONSENTIMENT DE PERSONES JUR\u00cdDIQUES O PROFESSIONALS<\/h3>\n<p>L&#8217;informem que, si vost\u00e8 actua en representaci\u00f3 d&#8217;una persona jur\u00eddica o com a professional independent, autom\u00e0ticament ens autoritzar\u00e0 a que li fem arribar: informaci\u00f3 associada als serveis contractats, o b\u00e9 informaci\u00f3 comercial, a trav\u00e9s de l&#8217;acceptaci\u00f3 de la present pol\u00edtica de privacitat. Aix\u00ed, quan es doni d&#8217;alta o sol\u00b7liciti alguna informaci\u00f3 relacionada amb l\u2019entitat a trav\u00e9s dels canals establerts per l&#8217;entitat mitjan\u00e7ant la p\u00e0gina web, la seva informaci\u00f3 tamb\u00e9 podr\u00e0 ser tractada per a fins comercials i l&#8217;enviament de comunicacions electr\u00f2niques.<\/p>\n<p>&nbsp;<\/p>\n<h3>7 &#8211; DRETS DELS USUARIS SOBRE LES SEVES DADES<\/h3>\n<p>El Reglament Europeu de Protecci\u00f3 de Dades 679\/2016 ha implementat una s\u00e8rie de garanties jur\u00eddiques que permeten a l&#8217;usuari exercir els seus drets i accions relacionats amb el tractament de les seves dades. Per tant, quan aix\u00ed ho consideri convenient, l\u2019Usuari podr\u00e0 fer \u00fas dels seus drets d&#8217;acc\u00e9s, rectificaci\u00f3, cancel\u00b7laci\u00f3, oposici\u00f3, portabilitat i oblit escrivint al correu electr\u00f2nic de contacte o al domicili indicats a l\u2019Av\u00eds Legal. En ambd\u00f3s casos, haur\u00e0 d\u2019adjuntar c\u00f2pia del passaport o del seu DNI (titular de les dades) indicant a l&#8217;assumpte, de manera expressa, la petici\u00f3 que desitja realitzar:<\/p>\n<p>Acc\u00e9s: a trav\u00e9s de l&#8217;exercici d&#8217;aquest dret pot con\u00e8ixer les dades de car\u00e0cter personal que estan essent tractades de la seva persona per part de l&#8217;entitat, la seva finalitat, l&#8217;origen o la seva possible transfer\u00e8ncia a tercers.<\/p>\n<p>Rectificaci\u00f3: consisteix en garantir que l\u2019usuari pugui modificar les seves dades de car\u00e0cter personal inexactes o incompletes, havent d&#8217;especificar a la sol\u00b7licitud quines dades es volen modificar.<\/p>\n<p>Cancel\u00b7laci\u00f3: podr\u00e0 sol\u00b7licitar la supressi\u00f3 de les dades personals quan es doni algun dels sup\u00f2sits contemplats. Per exemple, tractament il\u00b7l\u00edcit de dades o quan hagi desaparegut la finalitat que va motivar el tractament o recollida.<\/p>\n<p>Oposici\u00f3: amb el dret d&#8217;oposici\u00f3 l\u2019usuari, sempre que no sigui una persona j\u00far\u00eddica o professional, pot oposar-se a que no es realitzi el tractament de les dades en sup\u00f2sits com activitats de publicitat i prospecci\u00f3 comercial.<\/p>\n<p>&nbsp;<\/p>\n<h3>8 &#8211; SEGURETAT DE LES DADES<\/h3>\n<p>Aquest fitxer es troba inscrit en el \u201cRegistro General de la AEPD\u201d i sobre ell s\u2019hi apliquen les mesures t\u00e8cniques, legals i organitzatives establertes en les diferents normatives sobre protecci\u00f3 de dades de car\u00e0cter personal per a evitar qualsevol acc\u00e9s, alteraci\u00f3, p\u00e8rdua o tractament no autoritzat.<\/p>\n<p>L\u2019Usuari, que per una banda garanteix que les dades personals facilitades a l\u2019entitat s\u00f3n reals i es fa responsable de comunicar qualsevol modificaci\u00f3 de les mateixes, tamb\u00e9 ent\u00e9n, accepta i compr\u00e8n que les mesures de seguretat a Internet no s\u00f3n inexpugnables, tot i que nosaltres farem el possible per garantir en tot moment la privadesa i seguretat de les seves dades d&#8217;identificaci\u00f3, fent \u00fas sempre de la m\u00e0xima dilig\u00e8ncia i implementant les mesures que siguin necess\u00e0ries.<\/p>\n<p>Tot i aix\u00f2, l\u2019Usuari \u00e9s l&#8217;\u00fanic responsable sobre les mesures de seguretat que implementi en relaci\u00f3 amb la protecci\u00f3 de les seves dades, amb la qual cosa, el Titular no es fa responsable de les situacions on l&#8217;Usuari no hagi implementat les mesures de seguretat que corresponguin; ni de les seves conseq\u00fc\u00e8ncies, aix\u00ed com degut a causes o danys provocats per tercers aliens a l&#8217;entitat, incloent casos fortu\u00efts i\/o de for\u00e7a major.<\/p>\n<p>&nbsp;<\/p>\n<h3>9 &#8211; MODIFICACI\u00d3 DE LA PRESENT POL\u00cdTICA DE PRIVACITAT<\/h3>\n<p>El Centre d\u2019Iniciatives Audiovisuals es reserva el dret a modificar la present pol\u00edtica per adaptar-la a futures novetats legislatives o jurisprudencials, aix\u00ed com per a futurs usos que pogu\u00e9s realitzar de les dades personals dels Usuaris de la p\u00e0gina web.<\/p>\n<p>En cas que aquesta modificaci\u00f3 afect\u00e9s al tractament de les seves dades, per exemple, perqu\u00e8 es pret\u00e9n realitzar algun tractament addicional de les mateixes, procedir\u00edem a notificar-li la nova situaci\u00f3 perqu\u00e8 indiqui la seva conformitat o disconformitat. En tot cas, es recomana a l&#8217;Usuari que procedeixi a la lectura de la Pol\u00edtica de Privacitat de la nostra p\u00e0gina web cada vegada que hi accedeixi.<\/p>\n<p>&nbsp;<\/p>\n<p><strong style=\"color: #000000;\">Edici\u00f3: 20 de maig de 2019<\/strong><\/p>\n<p><strong style=\"color: #000000;\"><\/strong><\/p>\n<p>[\/et_pb_text][\/et_pb_column][\/et_pb_row][\/et_pb_section]<\/p>\n","protected":false},"excerpt":{"rendered":"<p>POL\u00cdTICA DE PRIVACITAT \u00a0 1 &#8211; POL\u00cdTICA DE PRIVACITAT ADAPTADA AL REGLAMENT EUROPEU Des del Centre d\u2019Iniciatives Audiovisuals (en endavant el Titular) volem oferir-te una experi\u00e8ncia de navegaci\u00f3 i un servei segur i de confian\u00e7a. Per aix\u00f2, hem implementat la present Pol\u00edtica de Privacitat que compleix amb els par\u00e0metres i mesures de seguretat, tant t\u00e8cniques [&hellip;]<\/p>\n","protected":false},"author":1,"featured_media":0,"parent":0,"menu_order":0,"comment_status":"closed","ping_status":"closed","template":"page-template-fullwidth.php","meta":{"_et_pb_use_builder":"on","_et_pb_old_content":"","_et_gb_content_width":"","footnotes":""},"class_list":["post-123","page","type-page","status-publish","hentry"],"_links":{"self":[{"href":"https:\/\/palamosdigital.com\/tvpalamos\/wp-json\/wp\/v2\/pages\/123","targetHints":{"allow":["GET"]}}],"collection":[{"href":"https:\/\/palamosdigital.com\/tvpalamos\/wp-json\/wp\/v2\/pages"}],"about":[{"href":"https:\/\/palamosdigital.com\/tvpalamos\/wp-json\/wp\/v2\/types\/page"}],"author":[{"embeddable":true,"href":"https:\/\/palamosdigital.com\/tvpalamos\/wp-json\/wp\/v2\/users\/1"}],"replies":[{"embeddable":true,"href":"https:\/\/palamosdigital.com\/tvpalamos\/wp-json\/wp\/v2\/comments?post=123"}],"version-history":[{"count":5,"href":"https:\/\/palamosdigital.com\/tvpalamos\/wp-json\/wp\/v2\/pages\/123\/revisions"}],"predecessor-version":[{"id":187,"href":"https:\/\/palamosdigital.com\/tvpalamos\/wp-json\/wp\/v2\/pages\/123\/revisions\/187"}],"wp:attachment":[{"href":"https:\/\/palamosdigital.com\/tvpalamos\/wp-json\/wp\/v2\/media?parent=123"}],"curies":[{"name":"wp","href":"https:\/\/api.w.org\/{rel}","templated":true}]}}

Política de Privacitat

<p>[et_pb_section fb_built=&#8221;1&#8243; custom_padding_last_edited=&#8221;on|phone&#8221; disabled_on=&#8221;off|off|off&#8221; admin_label=&#8221;POLÍTICA DE PRIVACITAT DEL WEB CARTELLERA&#8221; _builder_version=&#8221;3.22.3&#8243; background_image=&#8221;https://palamosdigital.com/tvpalamos/wp-content/uploads/2019/05/abstract_desktop_1920x1200_hd-wallpaper-1030076.png&#8221; custom_margin_phone=&#8221;0px|0px|0px|0px||true&#8221; custom_margin_last_edited=&#8221;on|phone&#8221; custom_padding=&#8221;70px|0px|100px|0px|false|false&#8221; custom_padding_tablet=&#8221;70px||80px||false|false&#8221; custom_padding_phone=&#8221;50px|0px|30px|0px|false|false&#8221; filter_saturate=&#8221;200%&#8221; top_divider_color=&#8221;#0C71C3&#8243; top_divider_height=&#8221;120px&#8221; top_divider_height_tablet=&#8221;90px&#8221; top_divider_height_phone=&#8221;80px&#8221; top_divider_height_last_edited=&#8221;on|desktop&#8221; bottom_divider_color=&#8221;#0C71C3&#8243; bottom_divider_height=&#8221;120px&#8221; bottom_divider_flip=&#8221;vertical&#8221; bottom_divider_height_tablet=&#8221;89px&#8221; bottom_divider_height_phone=&#8221;80px&#8221; bottom_divider_height_last_edited=&#8221;on|phone&#8221;][et_pb_row custom_padding=&#8221;0|0px|0px|0px|false|false&#8221; custom_padding_tablet=&#8221;||0||false|false&#8221; custom_padding_phone=&#8221;0|0px|0px|0px|false|false&#8221; custom_padding_last_edited=&#8221;on|desktop&#8221; padding_1_last_edited=&#8221;on|phone&#8221; disabled_on=&#8221;off|off|off&#8221; _builder_version=&#8221;3.22.3&#8243; background_size=&#8221;initial&#8221; background_position=&#8221;top_left&#8221; background_repeat=&#8221;repeat&#8221; custom_margin_phone=&#8221;|||&#8221; custom_margin_last_edited=&#8221;on|phone&#8221;][et_pb_column type=&#8221;4_4&#8243; _builder_version=&#8221;3.0.47&#8243;][et_pb_text disabled_on=&#8221;off|off|off&#8221; admin_label=&#8221; TEXT DE LA POLÍTICA DE PRIVACITAT&#8221; _builder_version=&#8221;3.21.1&#8243; custom_margin_last_edited=&#8221;on|phone&#8221; custom_padding_last_edited=&#8221;on|phone&#8221;]</p>
<h1>POLÍTICA DE PRIVACITAT</h1>
<h2> </h2>
<h3>1 &#8211; POLÍTICA DE PRIVACITAT ADAPTADA AL REGLAMENT EUROPEU</h3>
<p>Des del Centre d’Iniciatives Audiovisuals (en endavant el Titular) volem oferir-te una experiència de navegació i un servei segur i de confiança. Per això, hem implementat la present Política de Privacitat que compleix amb els paràmetres i mesures de seguretat, tant tècniques com organitzatives, recollides al Reglament Europeu 679/2016, de 27 d’abril, relatiu a la protecció de dades de les persones físiques pel que fa al tractament de dades personals i de lliure circulació d’aquestes dades. Tot plegat amb l’objectiu de garantir la teva privacitat i ser transparents en l’ús de les teves dades.</p>
<p>&nbsp;</p>
<h3>2 &#8211; CONSENTIMENT DE L’USUARI</h3>
<p>En compliment del que exigeix ​​l’esmentat Reglament Europeu, el Titular del web ha de rebre l’autorització expresa per part de l’Usuari per a poder incloure en un fitxer informatitzat el nom i cognoms, correus electrònics, números de telèfon i altres dades personals que el propi Usuari haurà desat prèviament omplint els formularis de contacte o d’inscripció a activitats que té a la seva disposició en el mateix web. L’Usuari haurà de donar aquest consentiment exprés fent clic a la casella que apareix a la part inferior de cada formulari on es recullen les seves dades.</p>
<p>En cas de que l’Usuari estableixi algun altre tipus de comunicació amb el Titular, ja sigui per telèfon o correu electrònic, les seves dades seran guardades i incloses a un fitxer de propietat del Titular, amb la finalitat de respondre a la seva consulta, suggeriment o queixa, informar o prestar el servei sol.licitat.</p>
<p>&nbsp;</p>
<h3>3 &#8211; GARANTIA DE CONFIDENCIALITAT</h3>
<p>Es garanteix la confidencialitat en el tractament de totes les dades de caràcter personal a les que es tingui accés com a conseqüència del registre al espai web anomenat https://palamosdigital.com, atès que els responsables dels fitxers estan sotmesos al més estricte secret professional, amb un especial compromís d’adoptar els nivells de protecció i les mesures necessàries, tant tècniques com organitzatives, per a garantir la seguretat de les dades de caràcter personal i evitar la seva alteració, mal ús, pèrdua, robatori o accés no autoritzat.</p>
<p>Així mateix, al navegar per aquestes pàgines, de forma automàtica l’Usuari facilita al servidor d’aquest espai web informació relativa a la seva direcció IP (identificador únic per a la transmissió de paquets entre ordinadors connectats a internet), data i hora d’accés, l’hipervincle que l’ha reenviat a aquestes, el seu sistema operatiu i el navegador utilitzat. Atès que la “Agencia Española de Protección de Datos” (AEPD) considera les IP com a informació de caràcter personal, aquestes dades seran guardades i utilitzades únicament per al control i realització d’estadístiques d’accés i visites al web.</p>
<p>&nbsp;</p>
<h3>4 &#8211; UTILITZACIÓ DE COOKIES</h3>
<p>Alguns dels serveis d’aquest web utilitzen “cookies” per facilitar la seva navegació, motiu pel qual si té desactivada aquesta opció en el seu navegador és possible que el servei no funcioni correctament. Aquest lloc, en cap cas, utilitza les “cookies” ni qualsevol altre dispositiu anàleg que permeti la obtenció de dades personals sense el seu consentiment. Accedint a la pàgina de Contacte podrà ampliar tota la informació envers el Tractament de Cookies.</p>
<p>&nbsp;</p>
<h3>5 &#8211; SUBSCRIPCIONS</h3>
<p>Les dades personals que es puguin requerir com a conseqüència de la subscripció o alta en alguns dels serveis oferts pel lloc web seran també objecte de tractament automatitzat i incorporades als corresponents fitxers, amb els nivells de seguretat necessaris, propietat del Titular amb la finalitat d’adequar les nostres ofertes comercials a les seves peticions per poder li oferir un servei més personalitzat i eficaç. Fora dels casos legalment establerts, insistim en que les seves dades no es revendran ni es difondran a cap altre associació, persona o empresa i que s’utilitzaran només per inscriure’l a les activitats sol·licitades, per informar a l’Usuari sobre les activitats de l’entitat i per respondre les qüestions que ell plantegi mitjançant els formularis esmentats anteriorment.</p>
<p>&nbsp;</p>
<h3>6 &#8211; CONSENTIMENT DE PERSONES JURÍDIQUES O PROFESSIONALS</h3>
<p>L&#8217;informem que, si vostè actua en representació d&#8217;una persona jurídica o com a professional independent, automàticament ens autoritzarà a que li fem arribar: informació associada als serveis contractats, o bé informació comercial, a través de l&#8217;acceptació de la present política de privacitat. Així, quan es doni d&#8217;alta o sol·liciti alguna informació relacionada amb l’entitat a través dels canals establerts per l&#8217;entitat mitjançant la pàgina web, la seva informació també podrà ser tractada per a fins comercials i l&#8217;enviament de comunicacions electròniques.</p>
<p>&nbsp;</p>
<h3>7 &#8211; DRETS DELS USUARIS SOBRE LES SEVES DADES</h3>
<p>El Reglament Europeu de Protecció de Dades 679/2016 ha implementat una sèrie de garanties jurídiques que permeten a l&#8217;usuari exercir els seus drets i accions relacionats amb el tractament de les seves dades. Per tant, quan així ho consideri convenient, l’Usuari podrà fer ús dels seus drets d&#8217;accés, rectificació, cancel·lació, oposició, portabilitat i oblit escrivint al correu electrònic de contacte o al domicili indicats a l’Avís Legal. En ambdós casos, haurà d’adjuntar còpia del passaport o del seu DNI (titular de les dades) indicant a l&#8217;assumpte, de manera expressa, la petició que desitja realitzar:</p>
<p>Accés: a través de l&#8217;exercici d&#8217;aquest dret pot conèixer les dades de caràcter personal que estan essent tractades de la seva persona per part de l&#8217;entitat, la seva finalitat, l&#8217;origen o la seva possible transferència a tercers.</p>
<p>Rectificació: consisteix en garantir que l’usuari pugui modificar les seves dades de caràcter personal inexactes o incompletes, havent d&#8217;especificar a la sol·licitud quines dades es volen modificar.</p>
<p>Cancel·lació: podrà sol·licitar la supressió de les dades personals quan es doni algun dels supòsits contemplats. Per exemple, tractament il·lícit de dades o quan hagi desaparegut la finalitat que va motivar el tractament o recollida.</p>
<p>Oposició: amb el dret d&#8217;oposició l’usuari, sempre que no sigui una persona júrídica o professional, pot oposar-se a que no es realitzi el tractament de les dades en supòsits com activitats de publicitat i prospecció comercial.</p>
<p>&nbsp;</p>
<h3>8 &#8211; SEGURETAT DE LES DADES</h3>
<p>Aquest fitxer es troba inscrit en el “Registro General de la AEPD” i sobre ell s’hi apliquen les mesures tècniques, legals i organitzatives establertes en les diferents normatives sobre protecció de dades de caràcter personal per a evitar qualsevol accés, alteració, pèrdua o tractament no autoritzat.</p>
<p>L’Usuari, que per una banda garanteix que les dades personals facilitades a l’entitat són reals i es fa responsable de comunicar qualsevol modificació de les mateixes, també entén, accepta i comprèn que les mesures de seguretat a Internet no són inexpugnables, tot i que nosaltres farem el possible per garantir en tot moment la privadesa i seguretat de les seves dades d&#8217;identificació, fent ús sempre de la màxima diligència i implementant les mesures que siguin necessàries.</p>
<p>Tot i això, l’Usuari és l&#8217;únic responsable sobre les mesures de seguretat que implementi en relació amb la protecció de les seves dades, amb la qual cosa, el Titular no es fa responsable de les situacions on l&#8217;Usuari no hagi implementat les mesures de seguretat que corresponguin; ni de les seves conseqüències, així com degut a causes o danys provocats per tercers aliens a l&#8217;entitat, incloent casos fortuïts i/o de força major.</p>
<p>&nbsp;</p>
<h3>9 &#8211; MODIFICACIÓ DE LA PRESENT POLÍTICA DE PRIVACITAT</h3>
<p>El Centre d’Iniciatives Audiovisuals es reserva el dret a modificar la present política per adaptar-la a futures novetats legislatives o jurisprudencials, així com per a futurs usos que pogués realitzar de les dades personals dels Usuaris de la pàgina web.</p>
<p>En cas que aquesta modificació afectés al tractament de les seves dades, per exemple, perquè es pretén realitzar algun tractament addicional de les mateixes, procediríem a notificar-li la nova situació perquè indiqui la seva conformitat o disconformitat. En tot cas, es recomana a l&#8217;Usuari que procedeixi a la lectura de la Política de Privacitat de la nostra pàgina web cada vegada que hi accedeixi.</p>
<p>&nbsp;</p>
<p><strong style="color: #000000;">Edició: 20 de maig de 2019</strong></p>
<p><strong style="color: #000000;"></strong></p>
<p>[/et_pb_text][/et_pb_column][/et_pb_row][/et_pb_section]</p>

<p>POLÍTICA DE PRIVACITAT   1 &#8211; POLÍTICA DE PRIVACITAT ADAPTADA AL REGLAMENT EUROPEU Des del Centre d’Iniciatives Audiovisuals (en endavant el Titular) volem oferir-te una experiència de navegació i un servei segur i de confiança. Per això, hem implementat la present Política de Privacitat que compleix amb els paràmetres i mesures de seguretat, tant tècniques [&hellip;]</p>
