{"id":5517,"date":"2025-02-28T19:10:55","date_gmt":"2025-02-28T18:10:55","guid":{"rendered":"https:\/\/palamosdigital.com\/tvpalamos\/?page_id=5517"},"modified":"2026-01-08T05:22:05","modified_gmt":"2026-01-08T04:22:05","slug":"produccions-audiovisuals","status":"publish","type":"page","link":"https:\/\/palamosdigital.com\/tvpalamos\/","title":{"rendered":"PRODUCCIONS AUDIOVISUALS"},"content":{"rendered":"<p>[et_pb_section fb_built=&#8221;1&#8243; custom_padding_last_edited=&#8221;on|phone&#8221; disabled_on=&#8221;off|off|off&#8221; admin_label=&#8221;TERRITORI  17230&#8243; module_id=&#8221;videoconferencies&#8221; _builder_version=&#8221;4.18.0&#8243; background_color=&#8221;#0C71C3&#8243; custom_margin_tablet=&#8221;0px|0px|0px|0px|false|false&#8221; custom_margin_phone=&#8221;0px|||&#8221; custom_margin_last_edited=&#8221;on|tablet&#8221; custom_padding=&#8221;24px|0px|70px|0px|false|false&#8221; custom_padding_tablet=&#8221;50px||80px||false|false&#8221; custom_padding_phone=&#8221;0px||10px||false|false&#8221; locked=&#8221;off&#8221; collapsed=&#8221;off&#8221; global_colors_info=&#8221;{}&#8221;][et_pb_row use_custom_gutter=&#8221;on&#8221; custom_padding_last_edited=&#8221;on|phone&#8221; disabled_on=&#8221;off|off|off&#8221; admin_label=&#8221;t\u00edtols de cap\u00e7alera&#8221; _builder_version=&#8221;4.27.4&#8243; background_size=&#8221;initial&#8221; background_position=&#8221;top_left&#8221; background_repeat=&#8221;repeat&#8221; max_width=&#8221;1500px&#8221; module_alignment=&#8221;center&#8221; custom_margin=&#8221;||59px||false|false&#8221; custom_margin_tablet=&#8221;||59px||false|false&#8221; custom_margin_phone=&#8221;|auto|20px|auto|false|false&#8221; custom_margin_last_edited=&#8221;on|desktop&#8221; custom_padding=&#8221;0|0px|0px|0px|false|false&#8221; custom_padding_tablet=&#8221;0px||0px||false|false&#8221; custom_padding_phone=&#8221;15px||0px||false|false&#8221; locked=&#8221;off&#8221; collapsed=&#8221;off&#8221; global_colors_info=&#8221;{}&#8221;][et_pb_column type=&#8221;4_4&#8243; _builder_version=&#8221;4.16&#8243; custom_padding=&#8221;|||&#8221; global_colors_info=&#8221;{}&#8221; custom_padding__hover=&#8221;|||&#8221;][et_pb_text _builder_version=&#8221;4.27.4&#8243; _module_preset=&#8221;default&#8221; header_font=&#8221;Aclonica|700|||||||&#8221; header_text_align=&#8221;center&#8221; header_text_color=&#8221;RGBA(255,255,255,0)&#8221; header_font_size=&#8221;90px&#8221; custom_margin=&#8221;20px||-20px||false|false&#8221; custom_padding=&#8221;||||false|false&#8221; header_font_size_tablet=&#8221;60px&#8221; header_font_size_phone=&#8221;35px&#8221; header_font_size_last_edited=&#8221;on|desktop&#8221; header_text_shadow_style=&#8221;preset2&#8243; global_colors_info=&#8221;{}&#8221;]<\/p>\n<h1 style=\"text-align: center;\"><span style=\"color: #ffff00;\"><strong>PRODUCCIONS AUDIOVISUALS<\/strong><\/span><\/h1>\n<p>&nbsp;<\/p>\n<p>[\/et_pb_text][et_pb_text content_tablet=&#8221;<\/p>\n<h2>VIDEOCONFER\u00c8NCIES DE<br \/>TV PALAM\u00d3S<\/h2>\n<p>&#8221; content_phone=&#8221;<\/p>\n<h2>VIDEOCONFER\u00c8NCIES DE TV PALAM\u00d3S<\/h2>\n<p>&#8221; content_last_edited=&#8221;off|desktop&#8221; _builder_version=&#8221;4.27.4&#8243; text_font=&#8221;Arial|600|||||||&#8221; text_text_color=&#8221;#FFFFFF&#8221; text_font_size=&#8221;28px&#8221; text_line_height=&#8221;1.4em&#8221; header_font=&#8221;|700|||||||&#8221; header_text_align=&#8221;center&#8221; header_text_color=&#8221;#FFFFFF&#8221; header_font_size=&#8221;50px&#8221; header_2_font=&#8221;Montserrat|700|||||||&#8221; header_2_text_align=&#8221;center&#8221; header_2_text_color=&#8221;#e0e0e0&#8243; header_2_font_size=&#8221;40px&#8221; header_2_line_height=&#8221;1.8em&#8221; header_3_font=&#8221;|700|on||||||&#8221; header_3_text_color=&#8221;#FFFFFF&#8221; text_orientation=&#8221;center&#8221; width_tablet=&#8221;72%&#8221; width_phone=&#8221;90%&#8221; width_last_edited=&#8221;on|phone&#8221; min_height=&#8221;31px&#8221; min_height_tablet=&#8221;&#8221; min_height_phone=&#8221;&#8221; min_height_last_edited=&#8221;on|phone&#8221; custom_margin=&#8221;0px|0px|-9px|0px|false|false&#8221; custom_margin_tablet=&#8221;0px|0px|40px|0px|false|false&#8221; custom_margin_phone=&#8221;0px|0px|5px|0px|false|false&#8221; custom_margin_last_edited=&#8221;on|phone&#8221; custom_padding=&#8221;0px|0px|2px|0px|false|false&#8221; custom_padding_tablet=&#8221;0px|0px|0px|0px|false|false&#8221; custom_padding_phone=&#8221;0px|0px|0px|0px|false|false&#8221; custom_padding_last_edited=&#8221;on|desktop&#8221; text_font_size_tablet=&#8221;&#8221; text_font_size_phone=&#8221;22px&#8221; text_font_size_last_edited=&#8221;on|desktop&#8221; text_letter_spacing_tablet=&#8221;&#8221; text_letter_spacing_phone=&#8221;&#8221; text_letter_spacing_last_edited=&#8221;on|desktop&#8221; text_line_height_tablet=&#8221;&#8221; text_line_height_phone=&#8221;1.4em&#8221; text_line_height_last_edited=&#8221;on|phone&#8221; header_font_size_tablet=&#8221;51px&#8221; header_font_size_phone=&#8221;47px&#8221; header_font_size_last_edited=&#8221;on|phone&#8221; header_2_font_size_tablet=&#8221;&#8221; header_2_font_size_phone=&#8221;20px&#8221; header_2_font_size_last_edited=&#8221;on|phone&#8221; header_2_line_height_tablet=&#8221;1.4em&#8221; header_2_line_height_phone=&#8221;1.2em&#8221; header_2_line_height_last_edited=&#8221;on|phone&#8221; header_3_text_align_tablet=&#8221;&#8221; header_3_text_align_phone=&#8221;center&#8221; header_3_text_align_last_edited=&#8221;on|phone&#8221; header_3_font_size_tablet=&#8221;23px&#8221; header_3_font_size_phone=&#8221;16px&#8221; header_3_font_size_last_edited=&#8221;on|phone&#8221; module_alignment_tablet=&#8221;center&#8221; module_alignment_phone=&#8221;center&#8221; module_alignment_last_edited=&#8221;on|phone&#8221; global_colors_info=&#8221;{}&#8221;]<\/p>\n<h3 style=\"text-align: center;\"><span style=\"color: #ffffff;\"><em><strong>Servei ofert per TV Palam\u00f3s exclusivament en aquest web<\/strong><\/em><\/span><\/h3>\n<p>[\/et_pb_text][\/et_pb_column][\/et_pb_row][et_pb_row custom_padding_last_edited=&#8221;on|phone&#8221; disabled_on=&#8221;off|off|off&#8221; _builder_version=&#8221;4.27.4&#8243; _module_preset=&#8221;default&#8221; background_color=&#8221;#0C71C3&#8243; custom_padding=&#8221;37px||37px||true|false&#8221; custom_padding_tablet=&#8221;37px||37px||true|false&#8221; custom_padding_phone=&#8221;15px||20px||false|false&#8221; global_colors_info=&#8221;{}&#8221;][et_pb_column type=&#8221;4_4&#8243; _builder_version=&#8221;4.27.4&#8243; _module_preset=&#8221;default&#8221; global_colors_info=&#8221;{}&#8221;][et_pb_cta title=&#8221;COMUNICAT DE TELEVISI\u00d3 PALAM\u00d3S&#8221; button_text=&#8221;Click Here&#8221; disabled_on=&#8221;on|on|on&#8221; _builder_version=&#8221;4.27.4&#8243; _module_preset=&#8221;default&#8221; header_level=&#8221;h3&#8243; header_font=&#8221;|800||on|||||&#8221; header_line_height=&#8221;1.2em&#8221; body_font=&#8221;|700|||||||&#8221; body_text_align=&#8221;justify&#8221; background_color=&#8221;#0a5ab5&#8243; width=&#8221;68%&#8221; width_tablet=&#8221;84%&#8221; width_phone=&#8221;100%&#8221; width_last_edited=&#8221;on|phone&#8221; max_width=&#8221;100%&#8221; module_alignment=&#8221;center&#8221; custom_margin=&#8221;0px|0px||0px|false|false&#8221; custom_padding=&#8221;49px|41px|49px|41px|true|true&#8221; custom_padding_tablet=&#8221;49px|41px|49px|41px|true|true&#8221; custom_padding_phone=&#8221;49px|41px|49px|41px|true|true&#8221; custom_padding_last_edited=&#8221;on|desktop&#8221; header_font_size_tablet=&#8221;&#8221; header_font_size_phone=&#8221;28px&#8221; header_font_size_last_edited=&#8221;on|phone&#8221; module_alignment_tablet=&#8221;center&#8221; module_alignment_phone=&#8221;center&#8221; module_alignment_last_edited=&#8221;on|desktop&#8221; disabled=&#8221;on&#8221; locked=&#8221;off&#8221; global_colors_info=&#8221;{}&#8221;]<\/p>\n<p>&nbsp;<\/p>\n<p><span style=\"color: #edf000;\">US INFORMEM QUE A FINALS DEL MES DE DESEMBRE FAREM UNA ACTUALITZACI\u00d3 DE LA SITUACI\u00d3 ACTUAL DE TELEVISI\u00d3 PALAM\u00d3S PEL QUE FA A LES PRODUCCIONS AUDIOVISUALS, ACTUALMENT ATURADES PER LA MANCA DE SUPORT DE L&#8217;ACTUAL EQUIP DE GOVERN, I QUINS PROJECTES TENIM PREVISTOS ENDEGAR AL LLARG DEL PROPER ANY 2026.<\/span><\/p>\n<p>&nbsp;<\/p>\n<p>[\/et_pb_cta][et_pb_cta title=&#8221;COMUNICAT DE TELEVISI\u00d3 PALAM\u00d3S&#8221; button_text=&#8221;Click Here&#8221; disabled_on=&#8221;off|off|off&#8221; _builder_version=&#8221;4.27.4&#8243; _module_preset=&#8221;default&#8221; header_level=&#8221;h1&#8243; header_font=&#8221;|800||on|||||&#8221; header_line_height=&#8221;1.2em&#8221; body_font=&#8221;|700|||||||&#8221; background_color=&#8221;#0a5ab5&#8243; width=&#8221;68%&#8221; width_tablet=&#8221;84%&#8221; width_phone=&#8221;100%&#8221; width_last_edited=&#8221;on|phone&#8221; max_width=&#8221;100%&#8221; module_alignment=&#8221;center&#8221; custom_margin=&#8221;0px|0px||0px|false|false&#8221; custom_padding=&#8221;49px|41px|49px|41px|true|true&#8221; custom_padding_tablet=&#8221;49px|41px|49px|41px|true|true&#8221; custom_padding_phone=&#8221;49px|41px|49px|41px|true|true&#8221; custom_padding_last_edited=&#8221;on|desktop&#8221; header_font_size_tablet=&#8221;&#8221; header_font_size_phone=&#8221;28px&#8221; header_font_size_last_edited=&#8221;on|phone&#8221; body_text_align_tablet=&#8221;&#8221; body_text_align_phone=&#8221;&#8221; body_text_align_last_edited=&#8221;on|desktop&#8221; module_alignment_tablet=&#8221;center&#8221; module_alignment_phone=&#8221;center&#8221; module_alignment_last_edited=&#8221;on|desktop&#8221; locked=&#8221;off&#8221; global_colors_info=&#8221;{}&#8221;]<\/p>\n<p>&nbsp;<\/p>\n<p style=\"text-align: left;\"><strong><span style=\"color: #edf000;\">NOVA ACTUALITZACI\u00d3:\u00a0 <\/span><\/strong><strong><span style=\"color: #edf000;\">Palam\u00f3s, 8 de gener de 2026<\/span><\/strong><\/p>\n<p style=\"text-align: left;\">\n<p style=\"text-align: left;\">\n<p style=\"text-align: left;\">\n<p style=\"text-align: left;\">\n<p style=\"text-align: left;\"><strong>Com ja hem informat en anteriors ocasions, actualment la producci\u00f3 i la difusi\u00f3 per internet d&#8217;espais audiovisuals de Televisi\u00f3 Palam\u00f3s estan aturades per la manca del suport econ\u00f2mic\u00a0 necess\u00e0ri (per part de l&#8217;equip de govern municipal) per a poder desenvolupar la nostra tasca amb un m\u00ednim de condicions dignes.<\/strong><\/p>\n<p style=\"text-align: left;\"><strong>En aquest passat 2025 hem comen\u00e7at a treballar en diferents projectes inform\u00e0tics i audiovisuals enfocats a empreses, associacions i a entitats en general per tal de generar m\u00e9s recursos que ajudin, de mica en mica, a renovar els equipaments actuals.<\/strong><\/p>\n<p style=\"text-align: left;\"><strong>Ens agradaria ser m\u00e9s concrets i donar dates per\u00f2 (fent un s\u00edmil) no volem caure en el mateix error d&#8217;anunciar repetidament &#8220;el retorn al Camp Nou&#8221; (en el nostra cas, el retorn de la programaci\u00f3 de TV Palam\u00f3s) at\u00e8s que tot plegat dep\u00e8n de molts factors a tenir en compte.<\/strong><\/p>\n<p style=\"text-align: left;\"><strong>Cal dir que, des de fa mesos, existeix un pla A, per\u00f2 tamb\u00e9 un pla B i un pla C i que, en tots tres, es contempla la implementaci\u00f3 de diferents espais audiovisuals. El temps i les circumst\u00e0ncies decidiran quin cam\u00ed agafarem tots plegats.<\/strong><\/p>\n<p style=\"text-align: left;\"><strong>En aquest 2026, continuarem treballant amb serenitat, voluntat ferma i amb discreci\u00f3. Tot i que cal recordar que mai s&#8217;ha de confondre la paci\u00e8ncia i el silenci, amb la ren\u00fancia i la submissi\u00f3.\u00a0<\/strong><\/p>\n<p style=\"text-align: left;\"><strong>&#8220;Est\u00e0vem, estem i estarem&#8221;!!<\/strong><\/p>\n<p>&nbsp;<\/p>\n<p>[\/et_pb_cta][\/et_pb_column][\/et_pb_row][et_pb_row use_custom_gutter=&#8221;on&#8221; custom_padding_last_edited=&#8221;on|phone&#8221; disabled_on=&#8221;on|on|on&#8221; admin_label=&#8221;t\u00edtols de cap\u00e7alera&#8221; _builder_version=&#8221;4.27.4&#8243; background_size=&#8221;initial&#8221; background_position=&#8221;top_left&#8221; background_repeat=&#8221;repeat&#8221; max_width=&#8221;1500px&#8221; module_alignment=&#8221;center&#8221; min_height=&#8221;172px&#8221; custom_margin=&#8221;68px|auto|59px|auto|false|false&#8221; custom_margin_tablet=&#8221;||59px||false|false&#8221; custom_margin_phone=&#8221;37px|auto|59px|auto|false|false&#8221; custom_margin_last_edited=&#8221;on|desktop&#8221; custom_padding=&#8221;0|0px|0px|0px|false|false&#8221; custom_padding_tablet=&#8221;0px||0px||false|false&#8221; custom_padding_phone=&#8221;27px|0px|0px|0px|false|false&#8221; disabled=&#8221;on&#8221; locked=&#8221;off&#8221; collapsed=&#8221;off&#8221; global_colors_info=&#8221;{}&#8221;][et_pb_column type=&#8221;4_4&#8243; _builder_version=&#8221;4.16&#8243; custom_padding=&#8221;|||&#8221; global_colors_info=&#8221;{}&#8221; custom_padding__hover=&#8221;|||&#8221;][et_pb_text _builder_version=&#8221;4.19.4&#8243; _module_preset=&#8221;default&#8221; header_font=&#8221;Aclonica|700|||||||&#8221; header_text_align=&#8221;center&#8221; header_text_color=&#8221;RGBA(255,255,255,0)&#8221; header_font_size=&#8221;90px&#8221; custom_margin=&#8221;||5px|||&#8221; custom_padding=&#8221;||0px|||&#8221; header_font_size_tablet=&#8221;90px&#8221; header_font_size_phone=&#8221;55px&#8221; header_font_size_last_edited=&#8221;on|desktop&#8221; header_text_shadow_style=&#8221;preset2&#8243; global_colors_info=&#8221;{}&#8221;]<\/p>\n<h1 style=\"text-align: center;\"><span style=\"color: #ffff00;\"><strong>TERRITORI 17230<\/strong><\/span><\/h1>\n<p>[\/et_pb_text][et_pb_text content_tablet=&#8221;<\/p>\n<h2>VIDEOCONFER\u00c8NCIES DE<br \/>TV PALAM\u00d3S<\/h2>\n<p>&#8221; content_phone=&#8221;<\/p>\n<h2>VIDEOCONFER\u00c8NCIES DE TV PALAM\u00d3S<\/h2>\n<p>&#8221; content_last_edited=&#8221;off|desktop&#8221; _builder_version=&#8221;4.21.0&#8243; text_font=&#8221;Arial|600|||||||&#8221; text_text_color=&#8221;#FFFFFF&#8221; text_font_size=&#8221;28px&#8221; text_line_height=&#8221;1.4em&#8221; header_font=&#8221;|700|||||||&#8221; header_text_align=&#8221;center&#8221; header_text_color=&#8221;#FFFFFF&#8221; header_font_size=&#8221;50px&#8221; header_2_font=&#8221;Montserrat|700|||||||&#8221; header_2_text_align=&#8221;center&#8221; header_2_text_color=&#8221;#e0e0e0&#8243; header_2_font_size=&#8221;40px&#8221; header_2_line_height=&#8221;1.8em&#8221; header_3_font=&#8221;|700|on||||||&#8221; header_3_text_color=&#8221;#FFFFFF&#8221; text_orientation=&#8221;center&#8221; width_tablet=&#8221;&#8221; width_phone=&#8221;84%&#8221; width_last_edited=&#8221;on|phone&#8221; min_height=&#8221;31px&#8221; min_height_tablet=&#8221;&#8221; min_height_phone=&#8221;&#8221; min_height_last_edited=&#8221;on|phone&#8221; custom_margin=&#8221;0px|0px|0px|0px|false|false&#8221; custom_margin_tablet=&#8221;0px|0px|40px|0px|false|false&#8221; custom_margin_phone=&#8221;0px|0px|70px|0px|false|false&#8221; custom_margin_last_edited=&#8221;on|phone&#8221; custom_padding=&#8221;0px|0px|20px|0px|false|false&#8221; custom_padding_tablet=&#8221;0px|0px|0px|0px|false|false&#8221; custom_padding_phone=&#8221;0px|0px|0px|0px|false|false&#8221; custom_padding_last_edited=&#8221;on|desktop&#8221; text_font_size_tablet=&#8221;&#8221; text_font_size_phone=&#8221;22px&#8221; text_font_size_last_edited=&#8221;on|desktop&#8221; text_letter_spacing_tablet=&#8221;&#8221; text_letter_spacing_phone=&#8221;&#8221; text_letter_spacing_last_edited=&#8221;on|desktop&#8221; text_line_height_tablet=&#8221;&#8221; text_line_height_phone=&#8221;1.4em&#8221; text_line_height_last_edited=&#8221;on|phone&#8221; header_font_size_tablet=&#8221;50px&#8221; header_font_size_phone=&#8221;50px&#8221; header_font_size_last_edited=&#8221;on|phone&#8221; header_2_font_size_tablet=&#8221;&#8221; header_2_font_size_phone=&#8221;20px&#8221; header_2_font_size_last_edited=&#8221;on|phone&#8221; header_2_line_height_tablet=&#8221;1.4em&#8221; header_2_line_height_phone=&#8221;1.2em&#8221; header_2_line_height_last_edited=&#8221;on|phone&#8221; header_3_text_align_tablet=&#8221;&#8221; header_3_text_align_phone=&#8221;center&#8221; header_3_text_align_last_edited=&#8221;on|phone&#8221; header_3_font_size_tablet=&#8221;&#8221; header_3_font_size_phone=&#8221;30px&#8221; header_3_font_size_last_edited=&#8221;on|phone&#8221; module_alignment_tablet=&#8221;&#8221; module_alignment_phone=&#8221;center&#8221; module_alignment_last_edited=&#8221;on|phone&#8221; global_colors_info=&#8221;{}&#8221;]<\/p>\n<h3 style=\"text-align: center;\"><span style=\"color: #ffffff;\"><em><strong>L&#8217;espai divulgatiu de la societat palamosina<\/strong><\/em><\/span><\/h3>\n<p>[\/et_pb_text][\/et_pb_column][\/et_pb_row][et_pb_row column_structure=&#8221;3_5,2_5&#8243; use_custom_gutter=&#8221;on&#8221; gutter_width=&#8221;2&#8243; custom_padding_last_edited=&#8221;on|desktop&#8221; disabled_on=&#8221;on|on|on&#8221; admin_label=&#8221;Programa 071 &#8211; CARLES CASANOVAS&#8221; _builder_version=&#8221;4.27.4&#8243; background_color=&#8221;#0a5ab5&#8243; background_size=&#8221;initial&#8221; background_position=&#8221;top_left&#8221; background_repeat=&#8221;repeat&#8221; width=&#8221;100%&#8221; width_tablet=&#8221;90%&#8221; width_phone=&#8221;90%&#8221; width_last_edited=&#8221;on|tablet&#8221; max_width=&#8221;1500px&#8221; module_alignment=&#8221;center&#8221; custom_margin=&#8221;||40px||false|false&#8221; custom_margin_tablet=&#8221;&#8221; custom_margin_phone=&#8221;|0px|40px|0px|false|false&#8221; custom_margin_last_edited=&#8221;on|tablet&#8221; custom_padding=&#8221;30px|55px|30px|45px|false|false&#8221; custom_padding_tablet=&#8221;0px|20px|10px||false|false&#8221; custom_padding_phone=&#8221;30px|0px|40px|0px|false|false&#8221; module_alignment_tablet=&#8221;&#8221; module_alignment_phone=&#8221;center&#8221; module_alignment_last_edited=&#8221;on|phone&#8221; border_width_all=&#8221;2px&#8221; border_color_all=&#8221;#FFFFFF&#8221; border_width_all_tablet=&#8221;2px&#8221; border_width_all_phone=&#8221;&#8221; border_width_all_last_edited=&#8221;on|phone&#8221; locked=&#8221;off&#8221; global_colors_info=&#8221;{}&#8221;][et_pb_column type=&#8221;3_5&#8243; _builder_version=&#8221;4.16&#8243; custom_padding=&#8221;|||&#8221; global_colors_info=&#8221;{}&#8221; custom_padding__hover=&#8221;|||&#8221;][et_pb_image src=&#8221;https:\/\/palamosdigital.com\/tvpalamos\/wp-content\/uploads\/2024\/06\/T-071-Carles-Casanovas.png&#8221; alt=&#8221;T-071 Carles Casanovas&#8221; title_text=&#8221;T-071 Carles Casanovas&#8221; url=&#8221;https:\/\/palamosdigital.com\/tvpalamos\/territori-17230-programa-071\/&#8221; url_new_window=&#8221;on&#8221; align_tablet=&#8221;&#8221; align_phone=&#8221;center&#8221; align_last_edited=&#8221;on|phone&#8221; _builder_version=&#8221;4.24.2&#8243; _module_preset=&#8221;default&#8221; width_tablet=&#8221;&#8221; width_phone=&#8221;&#8221; width_last_edited=&#8221;on|phone&#8221; max_width_tablet=&#8221;&#8221; max_width_phone=&#8221;92%&#8221; max_width_last_edited=&#8221;on|desktop&#8221; border_width_all=&#8221;2px&#8221; border_color_all=&#8221;#EDF000&#8243; box_shadow_style=&#8221;preset3&#8243; box_shadow_color=&#8221;#000000&#8243; locked=&#8221;off&#8221; global_colors_info=&#8221;{}&#8221;][\/et_pb_image][\/et_pb_column][et_pb_column type=&#8221;2_5&#8243; _builder_version=&#8221;4.16&#8243; custom_padding=&#8221;|||&#8221; global_colors_info=&#8221;{}&#8221; custom_padding__hover=&#8221;|||&#8221;][et_pb_text admin_label=&#8221;t\u00edtol del programa&#8221; _builder_version=&#8221;4.16.1&#8243; text_font=&#8221;Arial|600|||||||&#8221; text_text_color=&#8221;#e0e0e0&#8243; text_font_size=&#8221;16px&#8221; text_line_height=&#8221;1.4em&#8221; header_font=&#8221;|700|||||||&#8221; header_text_align=&#8221;center&#8221; header_2_font=&#8221;|700|||||||&#8221; header_2_text_align=&#8221;left&#8221; header_2_text_color=&#8221;#e0e0e0&#8243; text_orientation=&#8221;justified&#8221; width_tablet=&#8221;&#8221; width_phone=&#8221;90%&#8221; width_last_edited=&#8221;on|phone&#8221; module_alignment=&#8221;center&#8221; custom_margin=&#8221;20px|78px|||false|false&#8221; custom_margin_tablet=&#8221;10px||0px||false|false&#8221; custom_margin_phone=&#8221;0px|0px|5px||false|false&#8221; custom_margin_last_edited=&#8221;on|desktop&#8221; header_2_font_size_tablet=&#8221;&#8221; header_2_font_size_phone=&#8221;13px&#8221; header_2_font_size_last_edited=&#8221;on|phone&#8221; locked=&#8221;off&#8221; global_colors_info=&#8221;{}&#8221;]<\/p>\n<h2><span style=\"color: #edf000;\">TERRITORI 17230 &#8211; PROGRAMA 071<br \/>Avui parlem amb el m\u00fasic Carles Casanovas<\/span><\/h2>\n<p>[\/et_pb_text][et_pb_text admin_label=&#8221;sinopsi del tema&#8221; _builder_version=&#8221;4.16.1&#8243; text_font=&#8221;Arial|600|||||||&#8221; text_text_color=&#8221;#e0e0e0&#8243; text_font_size=&#8221;16px&#8221; text_line_height=&#8221;1.4em&#8221; header_font=&#8221;|700|||||||&#8221; header_2_font=&#8221;|700|||||||&#8221; header_2_text_color=&#8221;#e0e0e0&#8243; text_orientation=&#8221;justified&#8221; width_tablet=&#8221;&#8221; width_phone=&#8221;90%&#8221; width_last_edited=&#8221;on|phone&#8221; module_alignment=&#8221;center&#8221; custom_margin=&#8221;30px|50px|||false|false&#8221; custom_margin_tablet=&#8221;20px|0px|30px||false|false&#8221; custom_margin_phone=&#8221;10px|0px|0px||false|false&#8221; custom_margin_last_edited=&#8221;on|desktop&#8221; text_font_size_tablet=&#8221;&#8221; text_font_size_phone=&#8221;13px&#8221; text_font_size_last_edited=&#8221;on|phone&#8221; header_2_font_size_tablet=&#8221;&#8221; header_2_font_size_phone=&#8221;15px&#8221; header_2_font_size_last_edited=&#8221;on|phone&#8221; locked=&#8221;off&#8221; global_colors_info=&#8221;{}&#8221;]<\/p>\n<p>Clica damunt la imatge per accedir a la fitxa de la sinopsi i al v\u00eddeo del programa.<\/p>\n<p>Atenci\u00f3: aquest \u00e9s el darrer programa de la tercera temporada de l&#8217;espai &#8220;Territori 17230&#8221;<\/p>\n<p>[\/et_pb_text][\/et_pb_column][\/et_pb_row][\/et_pb_section]<\/p>\n","protected":false},"excerpt":{"rendered":"<p>PRODUCCIONS AUDIOVISUALS &nbsp;Servei ofert per TV Palam\u00f3s exclusivament en aquest web&nbsp; US INFORMEM QUE A FINALS DEL MES DE DESEMBRE FAREM UNA ACTUALITZACI\u00d3 DE LA SITUACI\u00d3 ACTUAL DE TELEVISI\u00d3 PALAM\u00d3S PEL QUE FA A LES PRODUCCIONS AUDIOVISUALS, ACTUALMENT ATURADES PER LA MANCA DE SUPORT DE L&#8217;ACTUAL EQUIP DE GOVERN, I QUINS PROJECTES TENIM PREVISTOS ENDEGAR [&hellip;]<\/p>\n","protected":false},"author":1,"featured_media":0,"parent":0,"menu_order":0,"comment_status":"closed","ping_status":"closed","template":"page-template-fullwidth.php","meta":{"_et_pb_use_builder":"on","_et_pb_old_content":"","_et_gb_content_width":"","footnotes":""},"class_list":["post-5517","page","type-page","status-publish","hentry"],"_links":{"self":[{"href":"https:\/\/palamosdigital.com\/tvpalamos\/wp-json\/wp\/v2\/pages\/5517","targetHints":{"allow":["GET"]}}],"collection":[{"href":"https:\/\/palamosdigital.com\/tvpalamos\/wp-json\/wp\/v2\/pages"}],"about":[{"href":"https:\/\/palamosdigital.com\/tvpalamos\/wp-json\/wp\/v2\/types\/page"}],"author":[{"embeddable":true,"href":"https:\/\/palamosdigital.com\/tvpalamos\/wp-json\/wp\/v2\/users\/1"}],"replies":[{"embeddable":true,"href":"https:\/\/palamosdigital.com\/tvpalamos\/wp-json\/wp\/v2\/comments?post=5517"}],"version-history":[{"count":37,"href":"https:\/\/palamosdigital.com\/tvpalamos\/wp-json\/wp\/v2\/pages\/5517\/revisions"}],"predecessor-version":[{"id":5588,"href":"https:\/\/palamosdigital.com\/tvpalamos\/wp-json\/wp\/v2\/pages\/5517\/revisions\/5588"}],"wp:attachment":[{"href":"https:\/\/palamosdigital.com\/tvpalamos\/wp-json\/wp\/v2\/media?parent=5517"}],"curies":[{"name":"wp","href":"https:\/\/api.w.org\/{rel}","templated":true}]}}